{"id":366,"date":"2024-02-20T22:16:27","date_gmt":"2024-02-20T21:16:27","guid":{"rendered":"https:\/\/guyvaxelaire.fr\/index.php\/articles-de-presse-sur-manipulation-et-faux-souvenirs\/"},"modified":"2026-01-08T17:45:47","modified_gmt":"2026-01-08T16:45:47","slug":"articles-de-presse-sur-manipulation-et-faux-souvenirs","status":"publish","type":"page","link":"https:\/\/guyvaxelaire.fr\/index.php\/articles-de-presse-sur-manipulation-et-faux-souvenirs\/","title":{"rendered":"Articles de presse sur manipulation et faux souvenirs"},"content":{"rendered":"\n\n\n<p><strong>[Conf\u00e9rence en ligne &#8211; Mardi 9 d\u00e9cembre 2025 \u00e0 20h00] Naturopathie&nbsp;: enqu\u00eate sur une imposture scientifique<\/strong><\/p>\n\n\n\n<figure class=\"wp-block-embed\"><div class=\"wp-block-embed__wrapper\">\nhttps:\/\/www.afis.org\/Conference-en-ligne-Mardi-9-decembre-2025-a-20h00-Naturopathie-enquete-sur-une\n<\/div><\/figure>\n\n\n\n<p>Publi\u00e9 en ligne le 9 d\u00e9cembre 2025 &#8211;&nbsp;<a href=\"https:\/\/www.afis.org\/+-Medecines-alternatives-+\">M\u00e9decines alternatives<\/a>&nbsp;&#8211;<\/p>\n\n\n\n\n\n<p><strong>Naturopathie&nbsp;: enqu\u00eate sur une imposture scientifique<\/strong><\/p>\n\n\n\n<p>Mardi 9 d\u00e9cembre 2025 \u00e0 20h00, avec Margot Brugot<\/p>\n\n\n\n<p><br><br>Les m\u00e9decines alternatives \u00e0 l\u2019offre de soin conventionnelle ont toujours exist\u00e9, mais semblent conna\u00eetre une adh\u00e9sion suppl\u00e9mentaire depuis la crise sanitaire du Covid. Les risques, nombreux et comme montr\u00e9 par quelques affaires dramatiques, ont parfois fait l\u2019actualit\u00e9.<br>Et malgr\u00e9 ces risques, on constate une poursuite de l\u2019engouement et les charlatans prolif\u00e8rent. Ces pratiques, de la naturopathie \u00e0 l\u2019iridologie, se r\u00e9pandent en profitant d\u2019un climat de d\u00e9sinformation en sciences et sant\u00e9. Apr\u00e8s trois ans d\u2019enqu\u00eate, Margot Brunet met en lumi\u00e8re le d\u00e9voiement du discours scientifique \u00e0 l\u2019\u0153uvre.<\/p>\n\n\n\n<p>Vous pouvez \u00e9galement consulter sur note site, la note de lecture&nbsp;<a href=\"https:\/\/www.afis.org\/Naturopathie\">Naturopathie&nbsp;: L\u2019imposture scientifique<\/a>&nbsp;par Bertrand Deleporte.<\/p>\n\n\n\n<p><strong>Margot Brugot<\/strong>&nbsp;est journaliste sp\u00e9cialis\u00e9e en sciences et sant\u00e9 au magazine \u00ab\u00a0<a href=\"https:\/\/www.cerveauetpsycho.fr\/\" target=\"_blank\" rel=\"noreferrer noopener\">Cerveau&amp;Psycho<\/a>\u00ab\u00a0. Elle est l\u2019autrice du livre \u00ab\u00a0<a href=\"https:\/\/lesechappes.com\/ouvrages\/naturopathie-limposture-scientifique\/\" target=\"_blank\" rel=\"noreferrer noopener\">Naturopathie &#8211; L\u2019imposture scientifique<\/a>\u00a0\u00bb aux \u00e9ditions \u00ab\u00a0Les Echapp\u00e9s\u00a0\u00bb.<\/p>\n\n\n\n\n\n\n","protected":false},"excerpt":{"rendered":"<p>[Conf\u00e9rence en ligne &#8211; Mardi 9 d\u00e9cembre 2025 \u00e0 20h00] Naturopathie&nbsp;: enqu\u00eate sur une imposture scientifique Publi\u00e9 en ligne le 9 d\u00e9cembre 2025 &#8211;&nbsp;M\u00e9decines alternatives&nbsp;&#8211; Naturopathie&nbsp;: enqu\u00eate sur une imposture scientifique Mardi 9 d\u00e9cembre 2025 \u00e0 20h00, avec Margot Brugot Les m\u00e9decines alternatives \u00e0 l\u2019offre de soin conventionnelle ont toujours exist\u00e9, mais semblent conna\u00eetre une [&hellip;]<\/p>\n","protected":false},"author":2,"featured_media":0,"parent":0,"menu_order":0,"comment_status":"closed","ping_status":"closed","template":"full-width","meta":{"saved_in_kubio":true,"footnotes":""},"class_list":["post-366","page","type-page","status-publish","hentry"],"kubio_ai_page_context":{"short_desc":"","purpose":"general"},"_links":{"self":[{"href":"https:\/\/guyvaxelaire.fr\/index.php\/wp-json\/wp\/v2\/pages\/366","targetHints":{"allow":["GET"]}}],"collection":[{"href":"https:\/\/guyvaxelaire.fr\/index.php\/wp-json\/wp\/v2\/pages"}],"about":[{"href":"https:\/\/guyvaxelaire.fr\/index.php\/wp-json\/wp\/v2\/types\/page"}],"author":[{"embeddable":true,"href":"https:\/\/guyvaxelaire.fr\/index.php\/wp-json\/wp\/v2\/users\/2"}],"replies":[{"embeddable":true,"href":"https:\/\/guyvaxelaire.fr\/index.php\/wp-json\/wp\/v2\/comments?post=366"}],"version-history":[{"count":5,"href":"https:\/\/guyvaxelaire.fr\/index.php\/wp-json\/wp\/v2\/pages\/366\/revisions"}],"predecessor-version":[{"id":1362,"href":"https:\/\/guyvaxelaire.fr\/index.php\/wp-json\/wp\/v2\/pages\/366\/revisions\/1362"}],"wp:attachment":[{"href":"https:\/\/guyvaxelaire.fr\/index.php\/wp-json\/wp\/v2\/media?parent=366"}],"curies":[{"name":"wp","href":"https:\/\/api.w.org\/{rel}","templated":true}]}}